prime factors of t?
2, 3
Let r = -3 - -1. List the prime factors of (r/(-6))/(2/66).
11
Suppose s = -5*z + 21, 19 + 20 = 3*s + 3*z. Suppose 0 = -2*p - d + s, 3*d - 5*d - 50 = -5*p. List the prime factors of p.
2
Suppose 4*n - 2*f = -0*n + 126, -121 = -4*n + 3*f. Let j = 49 - n. What are the prime factors of j?
3, 5
Let m(x) = 2*x - 9. Let g be m(5). Let p(i) = 4*i + 12*i**2 - 3*i - 2*i. List the prime factors of p(g).
11
List the prime factors of (-4)/(-16)*-46*-4.
2, 23
Let y be -3*((-24)/9)/(-4). What are the prime factors of ((-21)/y)/(3/4)?
2, 7
Let y = 1 - -34. List the prime factors of y.
5, 7
Let o = 5 + -7. List the prime factors of (-4)/o + 4 + 1.
7
Let d(n) = 27*n**2 + n - 1. Suppose 2*f = -3*f + 5. What are the prime factors of d(f)?
3
Let w(h) = 1850*h - 1851*h + 5*h**3 + h**2 - 2 + 3. Let c = -1 + 2. List the prime factors of w(c).
2, 3
Let a be 43/6 - 5/30. Suppose -4*q - 3*k = -19, 5*k - 8 - 13 = -4*q. Let d = q + a. What are the prime factors of d?
11
Suppose 60 = 5*o - 2*o. Let g = 12 - o. Let t = g + 12. List the prime factors of t.
2
Suppose g + 6*g = 364. List the prime factors of g.
2, 13
Suppose 40 = 4*f + 4*o, 0*f - 2*o - 34 = -4*f. Let s = 0 - f. Let i = s - -19. List the prime factors of i.
2, 5
Suppose 3*u + 72 = 6*u. Suppose v = -4 + u. What are the prime factors of v?
2, 5
Suppose -4*a + 25 + 5 = 2*w, 5 = -4*a + 5*w. Let c be 1*1*(-10)/(-1). Suppose -4*g - g + a*v + 25 = 0, v + c = 2*g. List the prime factors of g.
5
Let o(j) = -j**2 - 3*j + 3. Let r be 3*(1 + 2)/9. Suppose n - r = -4. List the prime factors of o(n).
3
Let j = 31 + -2. What are the prime factors of j?
29
Let q(t) = 8*t + 5. What are the prime factors of q(7)?
61
Suppose -4*v = -8 + 4. What are the prime factors of (1 + -5)*v*-1?
2
Suppose -2*p = 3*t + 2*t - 10, -5*p - 6 = -3*t. Suppose 0 = -8*k + 9*k - t. List the prime factors of k.
2
Let c = 2 + 3. Suppose 59 = 4*y + 3*n, 2*n - c = 5. List the prime factors of y.
11
Let y(q) = 2*q**2 + 2*q - 4. Suppose -2*x - 3*x + 4*u = 7, 2*u = -5*x - 19. What are the prime factors of y(x)?
2
Let w(y) = y**2 + 11*y + 8. What are the prime factors of w(-12)?
2, 5
List the prime factors of (1 - 4) + 24*(-5 - -17).
3, 5, 19
Suppose 27 = -3*i + 891. What are the prime factors of i?
2, 3
Let m = 14 - 5. Let c(d) = d + 0 + 0 - 1. List the prime factors of c(m).
2
Suppose l + 2*q + 58 = 3*l, 4*q = -3*l + 87. List the prime factors of l.
29
Let f = -158 - -306. What are the prime factors of f?
2, 37
List the prime factors of (2 - -1) + 1 + -2.
2
Let f(z) = 7*z. Let g(k) = k + 6. Let t be g(-5). List the prime factors of f(t).
7
Let l be (-15)/9 + 2/(-6). Let i be 12/9*(-15)/l. What are the prime factors of 62/5 + (-4)/i?
2, 3
List the prime factors of (-1413)/(-21) - (-6)/(-21).
67
Suppose -143 = -6*q + 133. List the prime factors of q.
2, 23
List the prime factors of 215 + 6*2/6.
7, 31
Let r(p) = p**2 - 6*p + 5. List the prime factors of r(6).
5
Let p(k) = -k**2 - 7*k + 2. Let o be p(-7). Suppose -2*w + w = -o. Suppose -w*t = -2*l + 14, -l - l - 3*t = -34. List the prime factors of l.
11
Let s(p) = -2*p - 11. Let y be s(-9). Suppose -5*l - y = -q, -4*l = -5*q - l + 35. List the prime factors of q.
7
Let j(o) be the third derivative of o**5/30 - o**4/12 - o**3/3 - 2*o**2. What are the prime factors of j(4)?
2, 11
Suppose 144 = 16*l - 12*l. List the prime factors of l.
2, 3
Suppose v = -0*v - 6. Let d be v/((-2)/2) - -3. Let z = d - 1. List the prime factors of z.
2
Let v be (-2)/(-5) - 309/(-15). Suppose -2*y - 5*y + 28 = 0. Suppose y*l = 19 + v. List the prime factors of l.
2, 5
Suppose -4*o + 34 = 10. Let i be (-6)/(-4) - 9/o. Suppose -5*j + 25 = -i*j. List the prime factors of j.
5
Suppose 14 = 3*m - 43. List the prime factors of m.
19
Suppose 5*r = r + 8. Let t(h) = -2*h - h**3 + 17*h**2 - 3 - 3 - 6*h**r + 3*h. What are the prime factors of t(11)?
5
Suppose -r + 3*r - 190 = 0. What are the prime factors of r?
5, 19
Suppose 6*l + 58 = 1708. What are the prime factors of l?
5, 11
Let k(b) = b**2 - 10*b - 6. Let r be k(11). Suppose -20 - 10 = -r*d. What are the prime factors of d?
2, 3
Let m be ((-1)/(-1) - 0) + 1. Suppose 2*n = 2*v + 82, 0*n - 3*n - m*v = -108. List the prime factors of n.
2, 19
Let v(k) = -k**3 + 9*k**2 - 8*k. Let j be v(8). Let u(w) = -w + 3. Let l be u(j). Suppose -7 = -2*m - l. What are the prime factors of m?
2
Let q(w) = w**3 - 12*w**2 + 11*w + 1. Let j be q(11). Let c be -10*(-2)/4 - j. Suppose 5*g + c = 89. List the prime factors of g.
17
Let n(c) = c**3 + 6*c**2 - 4*c - 7. Let d be n(-6). Let u = d + -6. List the prime factors of u.
11
List the prime factors of (-6)/(-8) + 6318/24.
2, 3, 11
Let y(a) = a + 6. Let j be y(-3). Suppose 0 = 4*v - 5*p - 31, p = j*v + 3*p - 6. List the prime factors of v.
2
Let g(z) = z**2 + 4*z + 4. Let n be g(-3). Suppose t + 2*f = -n - 1, -3*f + 7 = 4*t. Suppose -t*u = -12 - 36. List the prime factors of u.
2, 3
Let n be (2/(-4)*-16)/(-1). Let b(d) = 18*d + 1. Let i be b(1). Let m = i + n. List the prime factors of m.
11
What are the prime factors of 24/5*20/6?
2
Suppose 3*s = 7*s - 12. Suppose -5*g + s = -2, 14 = 4*n - 2*g. Suppose n*h + 2*x - 32 = 0, -4*x - 4 + 2 = -3*h. List the prime factors of h.
2, 3
Let w = -72 - -103. List the prime factors of w.
31
Let h(b) be the first derivative of -b**2/2 + 3. List the prime factors of h(-4).
2
Let j = 336 + -41. List the prime factors of j.
5, 59
Let m = -312 - -510. What are the prime factors of m?
2, 3, 11
Let g = 55 + -37. Let s(u) = 2 - g*u + 18*u + u**2. What are the prime factors of s(2)?
2, 3
Let v be (-6)/(1 + 87/(-81)). Let q = v - 40. List the prime factors of q.
41
Let k = 59 + -36. Suppose 0 = -r + 4*y + 27, 3*y + 2*y - 2 = -2*r. Let q = k - r. List the prime factors of q.
2, 3
What are the prime factors of 1983/21 - 3/7?
2, 47
Suppose 7*y = 4*n + 6*y - 393, y - 391 = -4*n. What are the prime factors of n?
2, 7
Suppose 89 = q + 4*t, 2*q - t + 171 = 4*q. List the prime factors of q.
5, 17
What are the prime factors of (4 + -6)*16/(-1)?
2
Let w = 17 + -15. Suppose 2*q + w*s + 12 = 46, 2*s = -4*q + 64. List the prime factors of q.
3, 5
Let x = -5 + 30. Let v = x - 17. What are the prime factors of v?
2
Let o be (-24)/(4/(-4)) - 2. Suppose 4*r - 56 - o = -3*y, 5*y - 130 = 3*r. What are the prime factors of y?
2, 13
Let a = 2 - 2. What are the prime factors of 17 - a/(0 + -3)?
17
Let w(v) = -2*v**3 - 2*v**2 - 3*v - 2. Let a(z) = -z**2 + 6*z + 5. Let b be a(6). Let o = 3 - b. List the prime factors of w(o).
2, 3
Let y(r) = -10*r - 9. Let d be y(-6). Suppose v - d = -3*f - 4*v, -4*f - 4*v = -76. Let w = -16 + f. List the prime factors of w.
2, 3
Let q(i) = -5 - 3 + 3*i + 1. Let s be q(-7). Let t = s + 43. What are the prime factors of t?
3, 5
Let s be 4/(-6) + 58/6. Let n = s - 7. List the prime factors of n.
2
Suppose 177 = 5*q - 2*q. List the prime factors of q.
59
Suppose -10*i + 13*i = 120. List the prime factors of i.
2, 5
Let t = 6 + 143. What are the prime factors of t?
149
Let g(a) = 9*a**2. Suppose 0 = -3*n - 3*d - 6, 0 = -2*n - 3*d - 4 - 5. Suppose 4*x + 12 = x, n*l + 3*x + 9 = 0. List the prime factors of g(l).
3
Let b be (888/(-18))/((-4)/6). Let l = b - 40. What are the prime factors of l?
2, 17
Suppose 2*g = -0*g - 5*d + 347, 6 = -2*d. Suppose g + 84 = 5*z. Suppose -8 = 5*s - z. What are the prime factors of s?
3
Let o = -1 + 5. Suppose 3*d - 13 = -o*l + 7, 0 = 4*l - 4*d - 20. Let f = -3 + l. List the prime factors of f.
2
Let r = -2 - -5. Let c = 7 + -4. Suppose -2*l + 5 - 2 = -c*s, r*l + 3*s = 42. List the prime factors of l.
3
Suppose 3*c = -5*p + 153, 5*p + 0*c - 152 = -2*c. Suppose -8*h + p = -6*h. List the prime factors of h.
3, 5
Let k = -6 + 4. What are the prime factors of -1*(0 + 0 + k)?
2
Suppose -274 + 30 = -2*j + 4*z, z + 118 = j. List the prime factors of j.
2, 3, 19
Let z(k) = 66*k + 28. List the prime factors of z(3).
2, 113
Suppose 3*h + 19 = 5*v, -4*h + 35 - 7 = 4*v. Let j(b) = 2*b**2 - 3*b - 3*b**3 - h*b**3 + 6*b**3. List the prime factors of j(2).
2, 5
Suppose 5*f + 107 = 2*h, 2*h - f = 69 + 58. What are the prime factors of h?
2, 3, 11
Let f(k) = k**2 + 8*k + 3. Let y be f(-7). Let i(n) be the third derivative of -n**4/24 + 3*n**2. What are the prime factors of i(y)?
2
Let